{"id":27308,"date":"2024-09-30T01:11:31","date_gmt":"2024-09-30T07:11:31","guid":{"rendered":"https:\/\/profesionales.vip\/formacionpro\/?post_type=product&#038;p=27308"},"modified":"2026-03-08T16:13:00","modified_gmt":"2026-03-08T22:13:00","slug":"membresia-vip-servicio-con-renovacion-mensual","status":"publish","type":"product","link":"https:\/\/profesionales.vip\/formacionpro\/producto\/membresia-vip-servicio-con-renovacion-mensual\/","title":{"rendered":"Membres\u00eda VIP (servicio con renovaci\u00f3n mensual)"},"content":{"rendered":"<p>Con esta Membres\u00eda tendr\u00e1s muchos beneficios VIP:<\/p>\n<p>1) Prioridad en consultas gratuitas escritas a jrecinos@profesionales.vip<\/p>\n<p>2) Podr\u00e1s solicitar coordinaci\u00f3n de reuni\u00f3n virtuales con JRecinos para abordar tus consultas concretas.<\/p>\n<p>3) Podr\u00e1s solicitar alguna adaptaci\u00f3n concreta de alguna Herramienta JRecinos que est\u00e9 divulgada.<\/p>\n<p>4) Tendr\u00e1s derecho a solicitar tu correo como parte de los profesionales VIP, ejemplo juan@profesionales.vip<\/p>\n<p>5) Te dar\u00e1 prioridad de acceso a contenido profesional que se divulge.<\/p>\n<p>y muchos beneficios m\u00e1s que se van incorporando&#8230;<\/p>\n<p>Condici\u00f3n: Para mantener tu Membres\u00eda VIP se requiere renovaci\u00f3n mensual continua, es decir que es un servicio continuo en el tiempo y no de meses selectivos.<\/p>\n","protected":false},"excerpt":{"rendered":"<p>Membres\u00eda VIP<\/p>\n","protected":false},"featured_media":27347,"template":"","meta":{"_surecart_dashboard_logo_width":"180px","_surecart_dashboard_show_logo":true,"_surecart_dashboard_navigation_orders":true,"_surecart_dashboard_navigation_subscriptions":true,"_surecart_dashboard_navigation_downloads":true,"_surecart_dashboard_navigation_billing":true,"_surecart_dashboard_navigation_account":true,"_uag_custom_page_level_css":"","site-sidebar-layout":"default","site-content-layout":"","ast-site-content-layout":"default","site-content-style":"default","site-sidebar-style":"default","ast-global-header-display":"","ast-banner-title-visibility":"","ast-main-header-display":"","ast-hfb-above-header-display":"","ast-hfb-below-header-display":"","ast-hfb-mobile-header-display":"","site-post-title":"","ast-breadcrumbs-content":"","ast-featured-img":"","footer-sml-layout":"","theme-transparent-header-meta":"default","adv-header-id-meta":"","stick-header-meta":"","header-above-stick-meta":"","header-main-stick-meta":"","header-below-stick-meta":"","astra-migrate-meta-layouts":"set","ast-page-background-enabled":"default","ast-page-background-meta":{"desktop":{"background-color":"","background-image":"","background-repeat":"repeat","background-position":"center center","background-size":"auto","background-attachment":"scroll","background-type":"","background-media":"","overlay-type":"","overlay-color":"","overlay-opacity":"","overlay-gradient":""},"tablet":{"background-color":"","background-image":"","background-repeat":"repeat","background-position":"center center","background-size":"auto","background-attachment":"scroll","background-type":"","background-media":"","overlay-type":"","overlay-color":"","overlay-opacity":"","overlay-gradient":""},"mobile":{"background-color":"","background-image":"","background-repeat":"repeat","background-position":"center center","background-size":"auto","background-attachment":"scroll","background-type":"","background-media":"","overlay-type":"","overlay-color":"","overlay-opacity":"","overlay-gradient":""}},"ast-content-background-meta":{"desktop":{"background-color":"var(--ast-global-color-5)","background-image":"","background-repeat":"repeat","background-position":"center center","background-size":"auto","background-attachment":"scroll","background-type":"","background-media":"","overlay-type":"","overlay-color":"","overlay-opacity":"","overlay-gradient":""},"tablet":{"background-color":"var(--ast-global-color-5)","background-image":"","background-repeat":"repeat","background-position":"center center","background-size":"auto","background-attachment":"scroll","background-type":"","background-media":"","overlay-type":"","overlay-color":"","overlay-opacity":"","overlay-gradient":""},"mobile":{"background-color":"var(--ast-global-color-5)","background-image":"","background-repeat":"repeat","background-position":"center center","background-size":"auto","background-attachment":"scroll","background-type":"","background-media":"","overlay-type":"","overlay-color":"","overlay-opacity":"","overlay-gradient":""}}},"product_brand":[],"product_cat":[48],"product_tag":[],"class_list":{"0":"post-27308","1":"product","2":"type-product","3":"status-publish","4":"has-post-thumbnail","6":"product_cat-otrosservicios","7":"desktop-align-left","8":"tablet-align-left","9":"mobile-align-left","11":"first","12":"instock","13":"sale","14":"downloadable","15":"virtual","16":"taxable","17":"purchasable","18":"product-type-simple"},"uagb_featured_image_src":{"full":["https:\/\/profesionales.vip\/formacionpro\/wp-content\/uploads\/2024\/09\/VIP3-.jpg",400,149,false],"thumbnail":["https:\/\/profesionales.vip\/formacionpro\/wp-content\/uploads\/2024\/09\/VIP3--150x149.jpg",150,149,true],"medium":["https:\/\/profesionales.vip\/formacionpro\/wp-content\/uploads\/2024\/09\/VIP3--300x112.jpg",300,112,true],"medium_large":["https:\/\/profesionales.vip\/formacionpro\/wp-content\/uploads\/2024\/09\/VIP3-.jpg",400,149,false],"large":["https:\/\/profesionales.vip\/formacionpro\/wp-content\/uploads\/2024\/09\/VIP3-.jpg",400,149,false],"1536x1536":["https:\/\/profesionales.vip\/formacionpro\/wp-content\/uploads\/2024\/09\/VIP3-.jpg",400,149,false],"2048x2048":["https:\/\/profesionales.vip\/formacionpro\/wp-content\/uploads\/2024\/09\/VIP3-.jpg",400,149,false],"course_single":["https:\/\/profesionales.vip\/formacionpro\/wp-content\/uploads\/2024\/09\/VIP3-.jpg",400,149,false],"course_archive":["https:\/\/profesionales.vip\/formacionpro\/wp-content\/uploads\/2024\/09\/VIP3-.jpg",200,75,false],"woocommerce_thumbnail":["https:\/\/profesionales.vip\/formacionpro\/wp-content\/uploads\/2024\/09\/VIP3--300x149.jpg",300,149,true],"woocommerce_single":["https:\/\/profesionales.vip\/formacionpro\/wp-content\/uploads\/2024\/09\/VIP3-.jpg",400,149,false],"woocommerce_gallery_thumbnail":["https:\/\/profesionales.vip\/formacionpro\/wp-content\/uploads\/2024\/09\/VIP3--100x100.jpg",100,100,true]},"uagb_author_info":{"display_name":"jrecinos","author_link":"https:\/\/profesionales.vip\/formacionpro\/author\/"},"uagb_comment_info":0,"uagb_excerpt":"Membres\u00eda VIP","_links":{"self":[{"href":"https:\/\/profesionales.vip\/formacionpro\/wp-json\/wp\/v2\/product\/27308","targetHints":{"allow":["GET"]}}],"collection":[{"href":"https:\/\/profesionales.vip\/formacionpro\/wp-json\/wp\/v2\/product"}],"about":[{"href":"https:\/\/profesionales.vip\/formacionpro\/wp-json\/wp\/v2\/types\/product"}],"wp:featuredmedia":[{"embeddable":true,"href":"https:\/\/profesionales.vip\/formacionpro\/wp-json\/wp\/v2\/media\/27347"}],"wp:attachment":[{"href":"https:\/\/profesionales.vip\/formacionpro\/wp-json\/wp\/v2\/media?parent=27308"}],"wp:term":[{"taxonomy":"product_brand","embeddable":true,"href":"https:\/\/profesionales.vip\/formacionpro\/wp-json\/wp\/v2\/product_brand?post=27308"},{"taxonomy":"product_cat","embeddable":true,"href":"https:\/\/profesionales.vip\/formacionpro\/wp-json\/wp\/v2\/product_cat?post=27308"},{"taxonomy":"product_tag","embeddable":true,"href":"https:\/\/profesionales.vip\/formacionpro\/wp-json\/wp\/v2\/product_tag?post=27308"}],"curies":[{"name":"wp","href":"https:\/\/api.w.org\/{rel}","templated":true}]}}